er when 1094 is divided by 9.
5
Calculate the remainder when 112 is divided by 29.
25
Calculate the remainder when 304 is divided by 44.
40
Calculate the remainder when 1265 is divided by 99.
77
What is the remainder when 427 is divided by 254?
173
What is the remainder when 357 is divided by 36?
33
What is the remainder when 141 is divided by 24?
21
What is the remainder when 1221 is divided by 7?
3
What is the remainder when 39 is divided by 7?
4
What is the remainder when 401 is divided by 68?
61
Calculate the remainder when 53 is divided by 8.
5
What is the remainder when 29 is divided by 15?
14
Calculate the remainder when 8645 is divided by 173.
168
Calculate the remainder when 62 is divided by 5.
2
What is the remainder when 25 is divided by 5?
0
What is the remainder when 179 is divided by 94?
85
Calculate the remainder when 573 is divided by 36.
33
What is the remainder when 63 is divided by 6?
3
Calculate the remainder when 115 is divided by 13.
11
Calculate the remainder when 66 is divided by 37.
29
What is the remainder when 1363 is divided by 112?
19
What is the remainder when 175 is divided by 45?
40
What is the remainder when 568 is divided by 279?
10
What is the remainder when 1415 is divided by 83?
4
Calculate the remainder when 341 is divided by 96.
53
Calculate the remainder when 103 is divided by 35.
33
What is the remainder when 172 is divided by 87?
85
Calculate the remainder when 131 is divided by 22.
21
What is the remainder when 975 is divided by 122?
121
Calculate the remainder when 187 is divided by 60.
7
Calculate the remainder when 322 is divided by 100.
22
Calculate the remainder when 333 is divided by 56.
53
What is the remainder when 1375 is divided by 77?
66
What is the remainder when 847 is divided by 17?
14
What is the remainder when 6 is divided by 5?
1
Calculate the remainder when 3279 is divided by 16.
15
Calculate the remainder when 2553 is divided by 35.
33
What is the remainder when 2538 is divided by 35?
18
What is the remainder when 183 is divided by 60?
3
Calculate the remainder when 503 is divided by 86.
73
Calculate the remainder when 965 is divided by 313.
26
Calculate the remainder when 167 is divided by 21.
20
Calculate the remainder when 404 is divided by 22.
8
What is the remainder when 1446 is divided by 3?
0
Calculate the remainder when 127 is divided by 16.
15
Calculate the remainder when 134 is divided by 125.
9
Calculate the remainder when 1783 is divided by 8.
7
What is the remainder when 204 is divided by 104?
100
Calculate the remainder when 3056 is divided by 51.
47
Calculate the remainder when 1412 is divided by 1396.
16
Calculate the remainder when 260 is divided by 206.
54
What is the remainder when 558 is divided by 201?
156
Calculate the remainder when 586 is divided by 120.
106
What is the remainder when 19 is divided by 3?
1
What is the remainder when 81 is divided by 39?
3
What is the remainder when 79 is divided by 12?
7
What is the remainder when 228 is divided by 34?
24
Calculate the remainder when 168 is divided by 79.
10
What is the remainder when 981 is divided by 12?
9
What is the remainder when 34527 is divided by 166?
165
What is the remainder when 104 is divided by 32?
8
Calculate the remainder when 70 is divided by 28.
14
Calculate the remainder when 141 is divided by 21.
15
Calculate the remainder when 46 is divided by 18.
10
What is the remainder when 134 is divided by 23?
19
Calculate the remainder when 312 is divided by 40.
32
Calculate the remainder when 244 is divided by 117.
10
Calculate the remainder when 756 is divided by 83.
9
What is the remainder when 1067 is divided by 1060?
7
Calculate the remainder when 2232 is divided by 244.
36
Calculate the remainder when 535 is divided by 108.
103
Calculate the remainder when 299 is divided by 10.
9
What is the remainder when 41577 is divided by 180?
177
What is the remainder when 3286 is divided by 47?
43
What is the remainder when 172 is divided by 14?
4
Calculate the remainder when 93 is divided by 2.
1
Calculate the remainder when 103 is divided by 15.
13
Calculate the remainder when 272 is divided by 89.
5
What is the remainder when 335 is divided by 7?
6
What is the remainder when 130 is divided by 19?
16
Calculate the remainder when 797 is divided by 50.
47
Calculate the remainder when 270 is divided by 17.
15
What is the remainder when 399 is divided by 137?
125
What is the remainder when 174 is divided by 45?
39
What is the remainder when 168 is divided by 85?
83
Calculate the remainder when 590 is divided by 57.
20
Calculate the remainder when 145 is divided by 38.
31
Calculate the remainder when 1168 is divided by 1152.
16
Calculate the remainder when 775 is divided by 246.
37
Calculate the remainder when 118 is divided by 52.
14
Calculate the remainder when 80 is divided by 43.
37
What is the remainder when 17396 is divided by 87?
83
What is the remainder when 92 is divided by 31?
30
What is the remainder when 683 is divided by 224?
11
Calculate the remainder when 1208 is divided by 93.
92
What is the remainder when 2339 is divided by 392?
379
Calculate the remainder when 123 is divided by 9.
6
Calculate the remainder when 1647 is divided by 124.
35
Calculate the remainder when 221 is divided by 39.
26
What is the remainder when 305 is divided by 145?
15
Calculate the remainder when 933 is divided by 48.
21
Calculate the remainder when 479 is divided by 18.
11
What is the remainder when 212 is divided by 109?
103
Calculate the remainder when 222 is divided by 29.
19
What is the remainder when 156 is divided by 80?
76
What is the remainder when 221 is divided by 184?
37
What is the remainder when 97 is divided by 11?
9
Calculate the remainder when 698 is divided by 679.
19
What is the remainder when 346 is divided by 173?
0
Calculate the remainder when 9587 is divided by 68.
67
What is the remainder when 216 is divided by 202?
14
Calculate the remainder when 297 is divided by 23.
21
Calculate the remainder when 148 is divided by 43.
19
What is the remainder when 506 is divided by 102?
98
What is the remainder when 227 is divided by 30?
17
What is the remainder when 82 is divided by 29?
24
Calculate the remainder when 152 is divided by 23.
14
What is the remainder when 41 is divided by 11?
8
What is the remainder when 87 is divided by 22?
21
Calculate the remainder when 36850 is divided by 332.
330
What is the remainder when 168 is divided by 20?
8
Calculate the remainder when 2373 is divided by 54.
51
Calculate the remainder when 245 is divided by 9.
2
What is the remainder when 2962 is divided by 114?
112
Calculate the remainder when 762 is divided by 376.
10
What is the remainder when 466 is divided by 52?
50
What is the remainder when 2331 is divided by 4?
3
What is the remainder when 185 is divided by 69?
47
Calculate the remainder when 304 is divided by 210.
94
What is the remainder when 200 is divided by 36?
20
What is the remainder when 686 is divided by 310?
66
Calculate the remainder when 138 is divided by 14.
12
Calculate the remainder when 269 is divided by 11.
5
What is the remainder when 103 is divided by 33?
4
Calculate the remainder when 1715 is divided by 133.
119
What is the remainder when 118 is divided by 49?
20
Calculate the remainder when 817 is divided by 7.
5
Calculate the remainder when 1630 is divided by 163.
0
Calculate the remainder when 70 is divided by 5.
0
What is the remainder when 2531 is divided by 12?
11
What is the remainder when 20 is divided by 8?
4
Calculate the remainder when 1088 is divided by 179.
14
What is the remainder when 209 is divided by 10?
9
Calculate the remainder when 864 is divided by 30.
24
Calculate the remainder when 4852 is divided by 220.
12
Calculate the remainder when 94 is divided by 19.
18
Calculate the remainder when 11 is divided by 10.
1
Calculate the remainder when 259 is divided by 14.
7
Calculate the remainder when 545 is divided by 223.
99
Calculate the remainder when 79 is divided by 6.
1
Calculate the remainder when 34 is divided by 28.
6
What is the remainder when 492 is divided by 13?
11
What is the remainder when 51 is divided by 14?
9
Calculate the remainder when 58 is divided by 48.
10
What is the remainder when 638 is divi